
Is 265043 a composite number?
True
Is 59743 a prime number?
True
Is 6709 a prime number?
True
Is 229681 prime?
True
Is 170741 a prime number?
True
Is 5666 a composite number?
True
Is 27923 a composite number?
True
Is 22739 composite?
False
Is 86155 composite?
True
Is 1702469 a composite number?
True
Is 771 a prime number?
False
Is 28123 prime?
True
Is 3589 a composite number?
True
Is 11821 a prime number?
True
Is 904007 a composite number?
True
Is 484577 prime?
True
Is 7789 prime?
True
Is 17049 a composite number?
True
Is 111547 a composite number?
True
Is 1267453 composite?
True
Is 611927 prime?
True
Is 5809 prime?
False
Is 34633 a composite number?
True
Is 113387 a composite number?
True
Is 6947 a prime number?
True
Is 1823249 composite?
True
Is 1119029 a composite number?
False
Is 1087 composite?
False
Is 61262 composite?
True
Is 20891 composite?
True
Is 35027 composite?
False
Is 377189 a composite number?
True
Is 25093 prime?
False
Is 2194 a prime number?
False
Is 1931 composite?
False
Is 55177 a composite number?
True
Is 33955 a composite number?
True
Is 1727 a composite number?
True
Is 12842 prime?
False
Is 7033 a prime number?
False
Is 566279 a composite number?
True
Is 16309 prime?
False
Is 1981477 prime?
True
Is 72791 a composite number?
True
Is 558665 composite?
True
Is 111613 a prime number?
False
Is 96245 a prime number?
False
Is 15133 a composite number?
True
Is 33577 a composite number?
False
Is 300277 a composite number?
False
Is 5581 composite?
False
Is 368146 prime?
False
Is 23227 a composite number?
False
Is 55847 a composite number?
True
Is 921563 prime?
True
Is 44087 prime?
True
Is 16843 composite?
False
Is 7097 a composite number?
True
Is 335629 prime?
False
Is 11794 a composite number?
True
Is 774643 composite?
False
Is 16729 composite?
False
Is 1523551 composite?
False
Is 5147 a prime number?
True
Is 39439 composite?
False
Is 17291 prime?
True
Is 1865 a prime number?
False
Is 1753 a composite number?
False
Is 335515 prime?
False
Is 6363867 a composite number?
True
Is 24142 a composite number?
True
Is 72241 a composite number?
True
Is 843527 prime?
True
Is 68371 prime?
True
Is 199249 a composite number?
True
Is 89363 a composite number?
False
Is 166 a composite number?
True
Is 59849 composite?
True
Is 146107 composite?
True
Is 7167 a composite number?
True
Is 19853 prime?
True
Is 3545 prime?
False
Is 205885 a composite number?
True
Is 2047 composite?
True
Is 301255 prime?
False
Is 331691 prime?
True
Is 643387 composite?
True
Is 258337 a prime number?
True
Is 65477 composite?
True
Is 19273 a composite number?
False
Is 39313 a prime number?
True
Is 10421 prime?
False
Is 19373 a prime number?
True
Is 156547 prime?
False
Is 5312801 a prime number?
False
Is 150617 a prime number?
True
Is 4567 composite?
False
Is 134129 a composite number?
False
Is 75431 a prime number?
True
Is 38669 prime?
True
Is 73417 a composite number?
False
Is 3365003 a prime number?
True
Is 20789 a prime number?
True
Is 4547 composite?
False
Is 401371 a prime number?
True
Is 3453 prime?
False
Is 97297 composite?
True
Is 488249 composite?
False
Is 29863 prime?
True
Is 144971 composite?
True
Is 246023 a composite number?
True
Is 763 a prime number?
False
Is 8179 a prime number?
True
Is 147341 a prime number?
True
Is 20209 prime?
False
Is 659 composite?
False
Is 13259 composite?
False
Is 31121 a composite number?
False
Is 22921 a composite number?
False
Is 308779 prime?
False
Is 387269 prime?
True
Is 4373 a composite number?
False
Is 131959 a composite number?
False
Is 926941 prime?
False
Is 24233 a composite number?
True
Is 1649 prime?
False
Is 479 a prime number?
True
Is 131 a prime number?
True
Is 1113173 composite?
False
Is 351257 a composite number?
False
Is 9467 prime?
True
Is 427513 prime?
True
Is 10229 a prime number?
False
Is 1900583 composite?
True
Is 397871 prime?
False
Is 593493 composite?
True
Is 130807 prime?
True
Is 10231 composite?
True
Is 23867 prime?
False
Is 194777 a composite number?
True
Is 752383 composite?
False
Is 6748501 a prime number?
True
Is 6913941 a composite number?
True
Is 91331 prime?
True
Is 559 a prime number?
False
Is 474479 composite?
False
Is 791 prime?
False
Is 476923 composite?
True
Is 527273 a composite number?
False
Is 16999 prime?
False
Is 30298 a prime number?
False
Is 365261 prime?
False
Is 3595 composite?
True
Is 78205 composite?
True
Is 2902381 a prime number?
False
Is 286589 a composite number?
False
Is 5209 composite?
False
Is 2243 a prime number?
True
Is 3226547 prime?
True
Is 41161 prime?
True
Is 3491 a composite number?
False
Is 1066619 a prime number?
True
Is 573061 a prime number?
False
Is 27309 composite?
True
Is 12817 a composite number?
True
Is 148729 a prime number?
False
Is 763259 a composite number?
True
Is 307 composite?
False
Is 2033 composite?
True
Is 181977 composite?
True
Is 70423 composite?
False
Is 168989 a composite number?
True
Is 8069 composite?
False
Is 1522 a prime number?
False
Is 758411 a prime number?
True
Is 85642 a prime number?
False
Is 381599 composite?
True
Is 15959 a composite number?
False
Is 265345 composite?
True
Is 11819 prime?
False
Is 108627 a prime number?
False
Is 467143 a prime number?
False
Is 64777 a prime number?
False
Is 2884457 a prime number?
False
Is 1973 a prime number?
True
Is 1217 composite?
False
Is 122789 a composite number?
False
Is 160583 prime?
True
Is 17957 a composite number?
False
Is 5305 a composite number?
True
Is 38113 composite?
False
Is 80861 a prime number?
False
Is 26029 a prime number?
True
Is 195905 composite?
True
Is 40253 prime?
True
Is 15311 a prime number?
False
Is 25442 a prime number?
False
Is 23603 composite?
False
Is 8147 a composite number?
False
Is 20099 composite?
True
Is 9019 a prime number?
False
Is 2490701 prime?
True
Is 1817 a composite number?
True
Is 7993 prime?
True
Is 113327 a prime number?
True
Is 19571 prime?
True
Is 2482555 composite?
True
Is 65299 a composite number?
True
Is 10817 a composite number?
True
Is 11953 composite?
False
Is 134741 a prime number?
True
Is 11197 composite?
False
Is 9839 prime?
True
Is 33529 a prime number?
True
Is 77 prime?
False
Is 5509 composite?
True
Is 13378 a prime number?
False
Is 5167 composite?
False
Is 2218 a prime number?
False
Is 658349 a composite number?
False
Is 59611 a composite number?
False
Is 76079 prime?
True
Is 15071 composite?
True
Is 65861 a prime number?
False
Is 26293 composite?
False
Is 22917 composite?
True
Is 2818 prime?
False
Is 16301 prime?
True
Is 10705 composite?
True
Is 197057 composite?
True
Is 530369 composite?
True
Is 4189 prime?
False
Is 452869 composite?
False
Is 449 a prime number?
True
Is 323021 composite?
True
Is 207269 prime?
True
Is 288451 a prime number?
False
Is 88721 a composite number?
False
Is 266653 prime?
False
Is 26539 composite?
False
Is 378589 a prime number?
False
Is 75397 a prime number?
False
Is 126517 composite?
False
Is 20422 a prime number?
False
Is 102607 composite?
False
Is 1919119 composite?
False
Is 14093 a prime number?
False
Is 96647 composite?
True
Is 21421 composite?
True
Is 234305 a composite number?
True
Is 22199 prime?
False
Is 7151 a composite number?
False
Is 2459 composite?
False
Is 14843 a prime number?
True
Is 32849 a prime number?
False
Is 29123 a composite number?
False
Is 253471 a prime number?
False
Is 9235 a prime number?
False
Is 2741 composite?
False
Is 65883 a composite number?
True
Is 969571 a composite number?
True
Is 1230271 prime?
False
Is 33247 composite?
False
Is 17074 a composite number?
True
Is 4406 a prime number?
False
Is 12451 a composite number?
False
Is 26929 prime?
False
Is 12181 prime?
False
Is 6247 prime?
True
Is 21377 a composite number?
False
Is 333973 a composite number?
False
Is 380881 a composite number?
False
Is 21313 a composite number?
False
Is 34955 composite?
True
Is 2670923 a prime number?
True
Is 25841 a composite number?
False
Is 226571 a composite number?
False
Is 2235539 a composite number?
False
Is 1573711 composite?
True
Is 1862711 composite?
False
Is 3989 a composite number?
False
Is 1949 a prime number?
True
Is 660149 a prime number?
False
Is 1361 a prime number?
True
Is 718259 prime?
True
Is 40459 a prime number?
True
Is 171517 a composite number?
False
Is 14 composite?
Tru